{"id":20,"date":"2021-04-07T09:32:37","date_gmt":"2021-04-07T12:32:37","guid":{"rendered":"https:\/\/aeropuertochapelco.neuquen.gob.ar\/?page_id=20"},"modified":"2021-06-22T14:00:04","modified_gmt":"2021-06-22T17:00:04","slug":"sobre-nosotros","status":"publish","type":"page","link":"https:\/\/aeropuertochapelco.neuquen.gob.ar\/index.php\/sobre-nosotros\/","title":{"rendered":"Sobre nosotros"},"content":{"rendered":"\r\n<h2 class=\"wp-block-heading\" style=\"text-align: center;\"><img loading=\"lazy\" decoding=\"async\" class=\"size-full wp-image-122 aligncenter\" src=\"https:\/\/aeropuertochapelco.neuquen.gob.ar\/wp-content\/uploads\/2021\/06\/AD-CPC-II.jpg\" alt=\"\" width=\"289\" height=\"174\" \/><\/h2>\r\n<h2>\u00a0<\/h2>\r\n<h2 style=\"text-align: center;\">Aeropuerto de San Mart\u00edn de los Andes \u201cAviador Carlos Campos\u201d<\/h2>\r\n\r\n\r\n\r\n<p>Esta estaci\u00f3n es de Segunda categor\u00eda, p\u00fablico controlado, de cabotaje y su horario de atenci\u00f3n es 09 hs a 18 hs. Se encuentra situado a 23 kil\u00f3metros de la ciudad de San Mart\u00edn de los Andes, y a 415 km de la ciudad de Neuqu\u00e9n Capital.<\/p>\r\n\r\n\r\n\r\n<p>Cuenta con una pista de 2500 mts de longitud por 45 de ancho, orientaci\u00f3n de cabeceras rumbo 06\/24. Su peso soporte es de T1\/47 Tn \u2013 T2\/ 67 Tn \u2013 T4 \/97 Tn, su superficie es de asfalto, con calle de rodaje de 100 mts por 45 de ancho, y la plataforma de hormig\u00f3n tiene una superficie de 10000 mts 2, Orientaci\u00f3n Geogr\u00e1fica 40\u00ba 05 \u00b4S \u2013 71\u00ba 08\u00b4W, superficie a nivel del mar 783 mts.-<\/p>\r\n\r\n\r\n\r\n<p>Posee torre de control y cuenta con equipo de comunicaci\u00f3n VHF frecuencia Principal 119.6 MHZ\/ 118.2 MHZ y secundaria de emergencia 121.5 MHZ, Radio Ayuda VOR-DME frecuencia 117 MHz y NDB. As\u00ed mismo manga de viento reglamentaria y servicio de meteorolog\u00eda a cargo de del Servicio Meteorol\u00f3gico Nacional. El sistema de extinci\u00f3n de incendios es de categor\u00eda 4 y cuenta tambi\u00e9n con Aeroplanta de YPF con servicios de AVGAS 100 LL \u2013 JET A-1.<\/p>\r\n\r\n\r\n\r\n<p>En este Aer\u00f3dromo operan vuelos comerciales, privados, sanitarios, escuela, etc. y hace ya un tiempo a solicitud de operadores a\u00e9reos, fue utilizado para tr\u00e1nsito a la Rep\u00fablica de Chile con vuelos Regionales a pa\u00edses lim\u00edtrofes. Actualmente, se efect\u00faan vuelos regulares con Aeronaves tipo Boeing 737, Fokker-F28, Embraer 190 y\/o similares desde los grandes centros poblacionales del pa\u00eds como ser Buenos Aires<\/p>\r\n\r\n\r\n\r\n<p>Esta terminal reviste con la modalidad de apertura y atenci\u00f3n \u201cHJ\u201d (desde la salida hasta la puesta del sol). Cabe destacar que se est\u00e1n realizando gestiones para la posible instalaci\u00f3n de un sistema compuesto de Balizamiento de la pista de aterrizajes con ODALS y PAPI, reforzando a\u00fan m\u00e1s el grado de confiabilidad operativa que permitir\u00eda ampliar la cantidad de vuelos como as\u00ed tambi\u00e9n una mayor seguridad en las operaciones a\u00e9reas, evitando de esta manera la derivaci\u00f3n a otros Aeropuertos cercanos. Al edificio de la Aeroestaci\u00f3n se le ha efectuado mantenimiento general constante y reparaciones en beneficio de los pasajeros y usuarios con agregados de rampas especiales y ba\u00f1os para discapacitados en busca de una mejor funcionalidad, estando pendiente perfeccionar el actual sistema de calefacci\u00f3n.<\/p>\r\n\r\n\r\n\r\n<p>Direcci\u00f3n: Ruta Nacional 40 km 2253<\/p>\r\n\r\n\r\n\r\n<p>CP: 8370<\/p>\r\n","protected":false},"excerpt":{"rendered":"<p>\u00a0 Aeropuerto de San Mart\u00edn de los Andes \u201cAviador Carlos Campos\u201d Esta estaci\u00f3n es de Segunda categor\u00eda, p\u00fablico controlado, de cabotaje y su horario de atenci\u00f3n es 09 hs a &#8230;<\/p>\n","protected":false},"author":1,"featured_media":122,"parent":0,"menu_order":0,"comment_status":"closed","ping_status":"closed","template":"","meta":{"footnotes":""},"class_list":["post-20","page","type-page","status-publish","has-post-thumbnail","hentry"],"_links":{"self":[{"href":"https:\/\/aeropuertochapelco.neuquen.gob.ar\/index.php\/wp-json\/wp\/v2\/pages\/20"}],"collection":[{"href":"https:\/\/aeropuertochapelco.neuquen.gob.ar\/index.php\/wp-json\/wp\/v2\/pages"}],"about":[{"href":"https:\/\/aeropuertochapelco.neuquen.gob.ar\/index.php\/wp-json\/wp\/v2\/types\/page"}],"author":[{"embeddable":true,"href":"https:\/\/aeropuertochapelco.neuquen.gob.ar\/index.php\/wp-json\/wp\/v2\/users\/1"}],"replies":[{"embeddable":true,"href":"https:\/\/aeropuertochapelco.neuquen.gob.ar\/index.php\/wp-json\/wp\/v2\/comments?post=20"}],"version-history":[{"count":6,"href":"https:\/\/aeropuertochapelco.neuquen.gob.ar\/index.php\/wp-json\/wp\/v2\/pages\/20\/revisions"}],"predecessor-version":[{"id":160,"href":"https:\/\/aeropuertochapelco.neuquen.gob.ar\/index.php\/wp-json\/wp\/v2\/pages\/20\/revisions\/160"}],"wp:featuredmedia":[{"embeddable":true,"href":"https:\/\/aeropuertochapelco.neuquen.gob.ar\/index.php\/wp-json\/wp\/v2\/media\/122"}],"wp:attachment":[{"href":"https:\/\/aeropuertochapelco.neuquen.gob.ar\/index.php\/wp-json\/wp\/v2\/media?parent=20"}],"curies":[{"name":"wp","href":"https:\/\/api.w.org\/{rel}","templated":true}]}}

<h2 class="wp-block-heading" style="text-align: center;"><img loading="lazy" decoding="async" class="size-full wp-image-122 aligncenter" src="https://aeropuertochapelco.neuquen.gob.ar/wp-content/uploads/2021/06/AD-CPC-II.jpg" alt="" width="289" height="174" /></h2>
<h2> </h2>
<h2 style="text-align: center;">Aeropuerto de San Martín de los Andes “Aviador Carlos Campos”</h2>



<p>Esta estación es de Segunda categoría, público controlado, de cabotaje y su horario de atención es 09 hs a 18 hs. Se encuentra situado a 23 kilómetros de la ciudad de San Martín de los Andes, y a 415 km de la ciudad de Neuquén Capital.</p>



<p>Cuenta con una pista de 2500 mts de longitud por 45 de ancho, orientación de cabeceras rumbo 06/24. Su peso soporte es de T1/47 Tn – T2/ 67 Tn – T4 /97 Tn, su superficie es de asfalto, con calle de rodaje de 100 mts por 45 de ancho, y la plataforma de hormigón tiene una superficie de 10000 mts 2, Orientación Geográfica 40º 05 ´S – 71º 08´W, superficie a nivel del mar 783 mts.-</p>



<p>Posee torre de control y cuenta con equipo de comunicación VHF frecuencia Principal 119.6 MHZ/ 118.2 MHZ y secundaria de emergencia 121.5 MHZ, Radio Ayuda VOR-DME frecuencia 117 MHz y NDB. Así mismo manga de viento reglamentaria y servicio de meteorología a cargo de del Servicio Meteorológico Nacional. El sistema de extinción de incendios es de categoría 4 y cuenta también con Aeroplanta de YPF con servicios de AVGAS 100 LL – JET A-1.</p>



<p>En este Aeródromo operan vuelos comerciales, privados, sanitarios, escuela, etc. y hace ya un tiempo a solicitud de operadores aéreos, fue utilizado para tránsito a la República de Chile con vuelos Regionales a países limítrofes. Actualmente, se efectúan vuelos regulares con Aeronaves tipo Boeing 737, Fokker-F28, Embraer 190 y/o similares desde los grandes centros poblacionales del país como ser Buenos Aires</p>



<p>Esta terminal reviste con la modalidad de apertura y atención “HJ” (desde la salida hasta la puesta del sol). Cabe destacar que se están realizando gestiones para la posible instalación de un sistema compuesto de Balizamiento de la pista de aterrizajes con ODALS y PAPI, reforzando aún más el grado de confiabilidad operativa que permitiría ampliar la cantidad de vuelos como así también una mayor seguridad en las operaciones aéreas, evitando de esta manera la derivación a otros Aeropuertos cercanos. Al edificio de la Aeroestación se le ha efectuado mantenimiento general constante y reparaciones en beneficio de los pasajeros y usuarios con agregados de rampas especiales y baños para discapacitados en busca de una mejor funcionalidad, estando pendiente perfeccionar el actual sistema de calefacción.</p>



<p>Dirección: Ruta Nacional 40 km 2253</p>



<p>CP: 8370</p>

<p>  Aeropuerto de San Martín de los Andes “Aviador Carlos Campos” Esta estación es de Segunda categoría, público controlado, de cabotaje y su horario de atención es 09 hs a &#8230;</p>
